e tens digit of r?
6
Let k(i) = -8730*i**3 + 7*i**2 - 2*i - 6. What is the hundreds digit of k(-1)?
7
Let k be (-18687)/24 + (-60)/160. What is the tens digit of 24/(-2)*k/57?
6
Let f(c) = -c + 22. Let d(x) be the second derivative of x**3/2 - 15*x**2 - x. Let o be d(13). What is the tens digit of f(o)?
1
Suppose -420037 - 106149 - 297614 = -75*m. What is the tens digit of m?
8
Suppose 4*p + w + 47 = 0, 37 = -4*p + 5*w - 40. What is the units digit of (9 - p)/(2 + (-49)/25)?
0
Suppose 7*u - u - 3600 = 0. Suppose 520 = 7*g - u. What is the units digit of g?
0
Let u be 6300/(-25) - (-2 + 8). Let m = 351 + u. What is the units digit of m?
3
Let y(k) = 143*k + 2328. What is the units digit of y(-6)?
0
What is the ten thousands digit of 36/48 + (-1314184)/(-32)?
4
Let l(q) = -92*q + 1. Let y = -39 - -43. Let i(f) = 93*f - 1. Let d(m) = y*i(m) + 5*l(m). What is the tens digit of d(-1)?
8
What is the tens digit of ((-315)/60*50/(-35))/((-3)/(-6144))?
6
Suppose 2*w - 2*j = 56, -4*w - 22 = -3*j - 130. What is the tens digit of (-1256)/w*-12 - 0?
2
Let n be 20/(-130) - ((-62262)/(-39))/(-3). Suppose 103*w + n = 105*w. What is the units digit of w?
6
Suppose 4*b = a + 54 + 2, -4*b + 2*a + 56 = 0. Suppose 2*j - 1292 = 3*w, -5*j - b*w + 18*w + 3244 = 0. What is the hundreds digit of j?
6
Let m be (-2 - (-3 + 1))/(1 - -1). Suppose -3*p + 15 - 63 = m. Let d(k) = -7*k - 2. What is the units digit of d(p)?
0
Let d be (2 - (3 - 0))*(-2 - 0). What is the units digit of (-23)/(23/d) - (-60 + 1)?
7
Let l(s) = -s**3 + 45*s**2 - 381*s + 122. What is the units digit of l(30)?
2
Let r(m) = 356 + 24 - 2109*m + 2207*m. What is the units digit of r(10)?
0
Let j(d) = 4*d**2 - 4*d + 10. Let i be j(4). Suppose y + 10 + 38 = 0. Let v = i + y. What is the units digit of v?
0
Let f = -788 + 1367. Suppose 4*a + 3*l - f = 0, -5*a - 4*l + 5*l + 700 = 0. What is the tens digit of a?
4
Let k = -52 - -37. Let q = 40 - k. Let n = q + -27. What is the units digit of n?
8
Suppose -222*l + 543837 = -193*l. What is the units digit of l?
3
Let t(b) = 5*b + 210. Let s be t(-36). What is the tens digit of (-1)/(2/(-1348)) + (-90)/s?
7
Let z(u) = -285 + 11*u + 128 + 22*u**2 + 137. What is the hundreds digit of z(5)?
5
Suppose 414*b - 443*b + 51243 = 0. What is the hundreds digit of b?
7
Let s(k) = 135*k**2 + 299*k - 8. What is the hundreds digit of s(10)?
4
Let f(m) = -25*m**3 + 2*m**2 - 10*m - 76. What is the hundreds digit of f(-5)?
1
Let p = 109 + 2830. What is the tens digit of p?
3
Let s(d) = 0*d + 6 + 11 + 4*d. Let q be s(-5). Let g(y) = 2*y**3 + 8*y**2 + 5. What is the units digit of g(q)?
3
Let m be 5274/15 - 24/40. Suppose 9 = -3*l, 5*l + m = 4*x - 0*l. What is the units digit of x?
4
Suppose -2*a - 3753 = -y, -3*y - 123*a + 11259 = -128*a. What is the tens digit of y?
5
Suppose a - 4*a = 0. Let d(i) = a + 1 - 9*i + 0. What is the tens digit of d(-3)?
2
Suppose 4*c = -q - 1664, 2*c = 3*q - 2*q - 838. Let o(g) = 15*g**2 - 5*g + 19. Let z be o(-6). Let a = c + z. What is the hundreds digit of a?
1
Let n(h) = 1416*h - 1303. What is the units digit of n(6)?
3
Let a be 2641 - 4/(-6)*6. Let r = a + -1223. What is the thousands digit of r?
1
Let q = 53177 + -26643. What is the units digit of q?
4
Suppose 0 = -10*w + 4 + 26. Let i be 575/w - 2/(-6). What is the units digit of (i/(-15))/4*(-10)/4?
8
Let j(f) = 7*f**3 + f**2 + 2*f + 2. Let w be j(-1). Let g(q) = 4*q + 89. What is the units digit of g(w)?
5
Let s be (16/(-6))/(4 - (-374)/(-99)). Let k(y) = -131*y - 97. What is the thousands digit of k(s)?
1
Let p = -3146 - -41983. What is the units digit of p?
7
Let u = -431 - -434. What is the tens digit of (u - 9)/((-18)/1590)?
3
Let h(s) = 3*s**3 + 262*s**2 + 51*s - 207. What is the thousands digit of h(-87)?
2
Let o = -754 - -1508. Suppose 29*b + o = 31*b. What is the units digit of b?
7
Let q(k) be the second derivative of -10*k**3/3 - 35*k**2/2 + 1262*k. Suppose 3*y + p + 28 = 2*p, 50 = -4*y - 5*p. What is the tens digit of q(y)?
6
Suppose -112 = 5*u + 8. What is the units digit of (-15882)/u + (-2)/(-8)?
2
Let v(n) = -13102*n - 436. What is the units digit of v(-1)?
6
Let o(q) be the second derivative of -3*q**5/20 + q**4/12 + 2*q**3/3 + 13*q**2/2 + 83*q. What is the tens digit of o(-6)?
7
What is the hundreds digit of (-413)/49 + 8 - -12*27056/28?
5
Let j = -88 + 46. Let h = j + -2. Let m = 132 - h. What is the tens digit of m?
7
Let d = 34 - 31. Let n be 1/5 + 56/20. Suppose 4*m - 111 = -n*t, -3*t = -7*t + d*m + 173. What is the units digit of t?
1
Let p = -67 + 62. Let a be (-2)/(p/(-40)*4). Let v = 37 + a. What is the units digit of v?
3
Suppose 4*q - 391 = o, -q + 4*q + 2*o = 296. Let d = 106 - q. Suppose -7*n - d + 582 = 0. What is the units digit of n?
2
Suppose -400 = -4*c + 4068. Let i = 4867 + -4867. Suppose i = 7*q + 291 - c. What is the hundreds digit of q?
1
Let i be -9*(-1)/3*7. Suppose 26*n - i = 19*n. Suppose n*z + 2*g - 10 = 754, z - 273 = 3*g. What is the units digit of z?
8
Let v = -290 + 504. Let k = -7 + v. What is the tens digit of k?
0
Suppose -184*v + 1976961 = 455006 - 1920501. What is the tens digit of v?
0
Suppose 5*t + 2*m - 4 = 0, -3*m - 15 = 2*m. Suppose -5*r + 5*b - b + 2616 = 0, t*r + b - 1036 = 0. What is the units digit of r/7 + (-4)/14?
4
Suppose 26*s = 23*s - 4*n + 1259, -5*s - 3*n = -2113. Suppose -11*c = -s - 37. What is the tens digit of c?
4
Let h(n) = n**2 - 20*n + 28. Let y = 36 + -18. Let t be h(y). What is the hundreds digit of (-1444)/(-8) - (-4)/t?
1
Let g = -2625 - -6059. What is the units digit of g?
4
Let m = 160778 + -95837. What is the thousands digit of m?
4
What is the hundreds digit of 11258 - (21 - (-5 - -22))?
2
Let p(q) = 3*q**2 + 11*q + 64. Let a be p(-9). Let s = a + 153. What is the units digit of s?
1
Let w(l) be the third derivative of 7*l**5/20 - 7*l**4/24 + 49*l**3/6 + 5*l**2 + 12. What is the tens digit of w(4)?
5
Suppose c + 32155 = 4*u, 5*u + 4*c + 2407 = 42606. What is the thousands digit of u?
8
Suppose 28 = -c + 18. What is the tens digit of 12600/27 - c/(-6)?
6
Let j = 4385 - -2974. What is the units digit of j?
9
Suppose -2*q + 14 = 2*z - 0*z, -5*z + 5*q + 5 = 0. Let i = -1243 + 1608. Suppose -328 = -4*b + z*a, b + 4*a - i = -4*b. What is the units digit of b?
7
Let k(w) be the third derivative of -7*w**6/40 + w**5/12 + w**4/3 + w**3/3 - 23*w**2 - 3*w. Let v = -5 + 3. What is the tens digit of k(v)?
7
Let u = 7278 - -2715. What is the units digit of u?
3
Suppose 0 = 5*p + 25, 4*p + 2 + 22 = j. Suppose 0 = -v + 5*i - 27 + 88, 3*v - j*i = 150. What is the tens digit of v?
4
Let h(f) = -283*f + 4916. What is the units digit of h(-39)?
3
Let l(b) = -136*b - 36. Let g be l(-50). Suppose -1266 = -c - 5*x, 5*c + 3*x + 522 = g. What is the tens digit of c?
4
Let i = -1056 - -548. Let o = i - -739. What is the hundreds digit of o?
2
Suppose -5*k + 28125 = 5*j, -10*j - 11243 = -2*k - 5*j. What is the hundreds digit of k?
6
Let h = -25620 - -48887. What is the units digit of h?
7
What is the tens digit of (36/(-30))/((-14)/11655)?
9
Suppose -70*n = -75*n + 10575. Suppose -1698 = -4*p + 2*i, -57*p + 62*p + 5*i - n = 0. What is the tens digit of p?
2
Let o(z) = -45*z + 225. Let y be o(0). Suppose 6 - 21 = -5*a. Suppose y - 6 = a*k. What is the tens digit of k?
7
Suppose -13*g - 21*g - 7*g + 268427 = 0. What is the thousands digit of g?
6
Suppose 0 = 9*h - 12*h + 3*r + 127530, 11*r - 42438 = -h. What is the units digit of h?
4
What is the thousands digit of 1/(-2)*-7780 - ((1 - 2) + 2)?
3
Let q(x) = -19*x**3 - 34*x**2 - 49*x + 45. Let r(h) = 13*h**3 + 23*h**2 + 32*h - 30. Let d(f) = -5*q(f) - 7*r(f). What is the hundreds digit of d(6)?
2
What is the units digit of ((-449876)/(-7))/(1/(-2)*1*-2)?
8
Let w be -638 + (6 - (2 + (3 - 3))). Let u = -37 - w. What is the units digit of u?
7
Suppose -5*q + s + 76 = 0, -q - 4*s - 32 + 64 = 0. Let v(m) = -m**2 + 18*m + 28. What is the units digit of v(q)?
0
Let o be 2 + (-32)/(-12) + 1/3. Let h = o - 0. Suppose h*s - 177 - 218 = 0. What is the tens digit of s?
7
Suppose 0 = 42*u - 52*u + 320. Let k be 148/(-12)*-3 - 3. Suppose 0 = -k*o + u*o + 98. What is the units digit of o?
9
Let t(f) = -436*f - 328. What is the tens digit of t(-7)?
2
Let d(p) = -59*p - 194. Let v be d(-13). Suppose 